{"id":56,"date":"2014-02-26T09:59:11","date_gmt":"2014-02-26T07:59:11","guid":{"rendered":"http:\/\/chemnitz-familie.de\/?page_id=56"},"modified":"2025-07-17T09:48:55","modified_gmt":"2025-07-17T07:48:55","slug":"startseite","status":"publish","type":"page","link":"https:\/\/chemnitz-familie.de\/","title":{"rendered":"Startseite"},"content":{"rendered":"\t\t<div data-elementor-type=\"wp-page\" data-elementor-id=\"56\" class=\"elementor elementor-56\">\n\t\t\t\t<div class=\"elementor-element elementor-element-563d521 e-flex e-con-boxed wpr-particle-no wpr-jarallax-no wpr-parallax-no wpr-sticky-section-no e-con e-parent\" data-id=\"563d521\" data-element_type=\"container\">\n\t\t\t\t\t<div class=\"e-con-inner\">\n\t\t\t\t<div class=\"elementor-element elementor-element-a39da32 wpr-adv-slider-columns-1 wpr-adv-slider-columns--tablet1 wpr-adv-slider-columns--mobile1 wpr-adv-slides-to-scroll-1 wpr-slider-dots-horizontal wpr-slider-nav-position-custom elementor-widget elementor-widget-wpr-advanced-slider\" data-id=\"a39da32\" data-element_type=\"widget\" data-settings=\"{&quot;slides_to_scroll&quot;:1,&quot;slider_autoplay&quot;:&quot;yes&quot;,&quot;slider_autoplay_duration&quot;:4,&quot;slider_loop&quot;:&quot;yes&quot;,&quot;slider_hide_video_content&quot;:&quot;yes&quot;,&quot;slider_video_btn_size&quot;:&quot;medium&quot;}\" data-widget_type=\"wpr-advanced-slider.default\">\n\t\t\t\t\t\n\t\t<!-- Advanced Slider -->\n\t\t<div class=\"wpr-advanced-slider-wrap\">\n\t\t\t\n\t\t\t<div class=\"wpr-advanced-slider\" dir=\"ltr\" data-slick=\"{&quot;rtl&quot;:false,&quot;infinite&quot;:true,&quot;speed&quot;:700,&quot;arrows&quot;:true,&quot;dots&quot;:true,&quot;autoplay&quot;:true,&quot;autoplaySpeed&quot;:4000,&quot;pauseOnHover&quot;:&quot;yes&quot;,&quot;prevArrow&quot;:&quot;#wpr-slider-prev-a39da32&quot;,&quot;nextArrow&quot;:&quot;#wpr-slider-next-a39da32&quot;,&quot;vertical&quot;:false,&quot;adaptiveHeight&quot;:true}\" data-hide-video-content=\"yes\" data-video-btn-size=\"{&quot;widescreen&quot;:&quot;medium&quot;,&quot;desktop&quot;:&quot;medium&quot;,&quot;laptop&quot;:&quot;medium&quot;,&quot;tablet_extra&quot;:&quot;medium&quot;,&quot;tablet&quot;:&quot;medium&quot;,&quot;mobile_extra&quot;:&quot;medium&quot;,&quot;mobile&quot;:&quot;medium&quot;}\" data-slide-effect=\"slide\">\n\t\t\t\t<div class=\"wpr-slider-item elementor-repeater-item-630160c\"><div class=\"wpr-slider-item-bg \" style=\"background-image: url(https:\/\/chemnitz-familie.de\/wp-content\/uploads\/2024\/05\/20240515-AktionstagKuechwald.jpg)\"><\/div><div class=\"wpr-cv-container\"><div class=\"wpr-cv-outer\"><div class=\"wpr-cv-inner\"><\/div><\/div><\/div><\/div><div class=\"wpr-slider-item elementor-repeater-item-d8c6e63\"><div class=\"wpr-slider-item-bg \" style=\"background-image: url(https:\/\/chemnitz-familie.de\/wp-content\/uploads\/2023\/11\/Banner-B\u00fcndnisdialog2023.jpg)\"><\/div><div class=\"wpr-cv-container\"><div class=\"wpr-cv-outer\"><div class=\"wpr-cv-inner\"><\/div><\/div><\/div><\/div><div class=\"wpr-slider-item elementor-repeater-item-93f2665\"><div class=\"wpr-slider-item-bg \" style=\"background-image: url(https:\/\/chemnitz-familie.de\/wp-content\/uploads\/2023\/03\/Banner_Aktionstag_2023.jpg)\"><\/div><div class=\"wpr-cv-container\"><div class=\"wpr-cv-outer\"><div class=\"wpr-cv-inner\"><\/div><\/div><\/div><\/div><div class=\"wpr-slider-item elementor-repeater-item-e257771\"><div class=\"wpr-slider-item-bg \" style=\"background-image: url(https:\/\/chemnitz-familie.de\/wp-content\/uploads\/2023\/02\/Banner-Freiluftgalerie2023.jpg)\"><\/div><div class=\"wpr-cv-container\"><div class=\"wpr-cv-outer\"><div class=\"wpr-cv-inner\"><\/div><\/div><\/div><\/div><div class=\"wpr-slider-item elementor-repeater-item-7492f12\"><div class=\"wpr-slider-item-bg \" style=\"background-image: url(https:\/\/chemnitz-familie.de\/wp-content\/uploads\/2022\/02\/Banner_Aktionstag_2022.jpg)\"><\/div><div class=\"wpr-cv-container\"><div class=\"wpr-cv-outer\"><div class=\"wpr-cv-inner\"><\/div><\/div><\/div><\/div><div class=\"wpr-slider-item elementor-repeater-item-4770887\"><div class=\"wpr-slider-item-bg \" style=\"background-image: url(https:\/\/chemnitz-familie.de\/wp-content\/uploads\/2019\/06\/Banner_Bodenzeitung.jpg)\"><\/div><div class=\"wpr-cv-container\"><div class=\"wpr-cv-outer\"><div class=\"wpr-cv-inner\"><\/div><\/div><\/div><\/div><div class=\"wpr-slider-item elementor-repeater-item-41f9151\"><div class=\"wpr-slider-item-bg \" style=\"background-image: url(https:\/\/chemnitz-familie.de\/wp-content\/uploads\/2014\/02\/Banner_Aktionstag_2017.jpg)\"><\/div><div class=\"wpr-cv-container\"><div class=\"wpr-cv-outer\"><div class=\"wpr-cv-inner\"><\/div><\/div><\/div><\/div><div class=\"wpr-slider-item elementor-repeater-item-be34759\"><div class=\"wpr-slider-item-bg \" style=\"background-image: url(https:\/\/chemnitz-familie.de\/wp-content\/uploads\/2020\/06\/Banner_Aktionstag_2020-2.jpg)\"><\/div><div class=\"wpr-cv-container\"><div class=\"wpr-cv-outer\"><div class=\"wpr-cv-inner\"><\/div><\/div><\/div><\/div><div class=\"wpr-slider-item elementor-repeater-item-58d9ba9\"><div class=\"wpr-slider-item-bg \" style=\"background-image: url(https:\/\/chemnitz-familie.de\/wp-content\/uploads\/2020\/06\/Banner_Aktionstag_2020-2.jpg)\"><\/div><div class=\"wpr-cv-container\"><div class=\"wpr-cv-outer\"><div class=\"wpr-cv-inner\"><\/div><\/div><\/div><\/div><div class=\"wpr-slider-item elementor-repeater-item-fc56047\"><div class=\"wpr-slider-item-bg \" style=\"background-image: url(https:\/\/chemnitz-familie.de\/wp-content\/uploads\/2022\/01\/Banner-Wunschzettelgalerie2021-21.jpg)\"><\/div><div class=\"wpr-cv-container\"><div class=\"wpr-cv-outer\"><div class=\"wpr-cv-inner\"><div class=\"wpr-slider-content\"><div class=\"wpr-slider-btns\"><div class=\"wpr-slider-primary-btn\" >Button 1<\/div><div class=\"wpr-slider-secondary-btn\" >Button 2<\/div><\/div><\/div><\/div><\/div><\/div><\/div>\t\t\t<\/div>\n\t\t\t<div class=\"wpr-slider-controls\">\n\t\t\t\t<div class=\"wpr-slider-dots\"><\/div>\n\t\t\t<\/div>\n\n\t\t\t<div class=\"wpr-slider-arrow-container\">\n\t\t\t\t<div class=\"wpr-slider-prev-arrow wpr-slider-arrow\" id=\"wpr-slider-prev-a39da32\">\n\t\t\t\t\t<svg version=\"1.1\" xmlns=\"http:\/\/www.w3.org\/2000\/svg\" xmlns:xlink=\"http:\/\/www.w3.org\/1999\/xlink\" x=\"0px\" y=\"0px\" viewBox=\"0 0 283.4 512\" style=\"enable-background:new 0 0 283.4 512;\" xml:space=\"preserve\"><g><polygon class=\"st0\" points=\"54.5,256.3 283.4,485.1 256.1,512.5 0,256.3 0,256.3 27.2,229 256.1,0 283.4,27.4 \"\/><\/g><\/svg>\t\t\t\t<\/div>\n\t\t\t\t<div class=\"wpr-slider-next-arrow wpr-slider-arrow\" id=\"wpr-slider-next-a39da32\">\n\t\t\t\t\t<svg version=\"1.1\" xmlns=\"http:\/\/www.w3.org\/2000\/svg\" xmlns:xlink=\"http:\/\/www.w3.org\/1999\/xlink\" x=\"0px\" y=\"0px\" viewBox=\"0 0 283.4 512\" style=\"enable-background:new 0 0 283.4 512;\" xml:space=\"preserve\"><g><polygon class=\"st0\" points=\"54.5,256.3 283.4,485.1 256.1,512.5 0,256.3 0,256.3 27.2,229 256.1,0 283.4,27.4 \"\/><\/g><\/svg>\t\t\t\t<\/div>\n\t\t\t<\/div>\n\t\t\t\n\t\t\t<a class=\"wpr-slider-scroll-btn\" ><\/a>\n\t\t<\/div>\n\t\t\t\t\t\t<\/div>\n\t\t\t\t\t<\/div>\n\t\t\t\t<\/div>\n\t\t<div class=\"elementor-element elementor-element-4913d2ef e-flex e-con-boxed wpr-particle-no wpr-jarallax-no wpr-parallax-no wpr-sticky-section-no e-con e-parent\" data-id=\"4913d2ef\" data-element_type=\"container\">\n\t\t\t\t\t<div class=\"e-con-inner\">\n\t\t\t\t<div class=\"elementor-element elementor-element-4bb80244 elementor-widget elementor-widget-text-editor\" data-id=\"4bb80244\" data-element_type=\"widget\" data-widget_type=\"text-editor.default\">\n\t\t\t\t\t\t\t\t\t<p><strong>Lokale B\u00fcndnisse f\u00fcr Familie sind stark, vielseitig und in der Gesellschaft fest verankert. Vereinbarkeit von Familie und Beruf und erg\u00e4nzende Kinderbetreuung stehen im Fokus der 450 B\u00fcndnisse in Deutschland.<\/strong><\/p><p>Lokale B\u00fcndnisse f\u00fcr Familie sind Experten, wenn es darum geht, die Vereinbarkeit von Familie und Beruf voran zu bringen und die Angebote der Kinderbetreuung wirkungsvoll zu erg\u00e4nzen \u2013 das zeigen die Ergebnisse einer Online-Befragung der Lokalen B\u00fcndnisse. Im Rahmen der gemeinsamen Kampagne \u201eDie Familienexperten\u201c des Bundesministeriums f\u00fcr Familie, Senioren, Frauen und Jugend und der Lokalen B\u00fcndnisse f\u00fcr Familie hat die Servicestelle Informationen zu den Strukturen, Themen und Projekten der Lokalen B\u00fcndnisse erfragt und ausgewertet. Eine <a href=\"http:\/\/www.lokale-buendnisse-fuer-familie.de\/fileadmin\/user_upload\/lbff\/Die_Familienexperten\/Ergebnisprasentation_Familienexperten_2012.pdf\" target=\"_blank\" rel=\"noopener\">Pr\u00e4sentation <\/a>der Kernergebnisse informiert \u00fcber die wichtigsten Zahlen, Daten und Fakten.<\/p>\t\t\t\t\t\t\t\t<\/div>\n\t\t\t\t\t<\/div>\n\t\t\t\t<\/div>\n\t\t<div class=\"elementor-element elementor-element-21538c15 e-flex e-con-boxed wpr-particle-no wpr-jarallax-no wpr-parallax-no wpr-sticky-section-no e-con e-parent\" data-id=\"21538c15\" data-element_type=\"container\" id=\"xs_blog_light_post_with_img\" data-settings=\"{&quot;background_background&quot;:&quot;classic&quot;}\">\n\t\t\t\t\t<div class=\"e-con-inner\">\n\t\t\t\t<div class=\"elementor-element elementor-element-75a222e0 elementor-widget elementor-widget-elementskit-blog-posts\" data-id=\"75a222e0\" data-element_type=\"widget\" data-widget_type=\"elementskit-blog-posts.default\">\n\t\t\t\t\t<div class=\"ekit-wid-con\" >        <div id=\"post-items--75a222e0\" class=\"row post-items\">\n                    <div class=\"col-lg-4 col-md-6\">\n\n                                    <div class=\"elementskit-post-image-card\">\n                        <div class=\"elementskit-entry-header\">\n                            \n                            \n\t\t\t\t\t\t\t\t\t\t\t\t\t<\/div><!-- .elementskit-entry-header END -->\n\n\t\t\t\t\t\t<div class=\"elementskit-post-body \">\n\t\t\t\t\t\t\t\n\t\t\t\t\t\t\t\t\t\t\t\t\t\t\t\t\t\t\t\t\t\t\t\t\t\t\t\t<div class=\"post-meta-list\">\n\t\t\t\t\t\t\t\t\t\t\t\t\t\t\t\t\t\t\t\t\t\t\t\t\t\t\t\t\t\t\t\t<span class=\"meta-date\">\n\t\t\t\t\t\t\t\t\t\t<i aria-hidden=\"true\" class=\"icon icon-calendar3\"><\/i>\t\t\t\t\t\t\t\t\t\t<span class=\"meta-date-text\">\n\t\t\t\t\t\t\t\t\t\t\t18. M\u00e4rz 2026\t\t\t\t\t\t\t\t\t\t<\/span>\n\t\t\t\t\t\t\t\t\t<\/span>\n\t\t\t\t\t\t\t\t\t\t\t\t\t\t\t\t\t\t\t\t\t\t\t\t\t\t\t\t\t\t\t\t\t\t\t\t\t<\/div>\n\t\t\t\t\t\t\t\t\t\t\t\t\t\n\t\t\t\t\t\t\t\t\n\t\t\t\t\t\t\t\t\t\t\t\t\t\t\t\t\t\t\t\t\t<h2 class=\"entry-title\">\n\t\t\t\t\t<a href=\"https:\/\/chemnitz-familie.de\/?p=2430\">\n\t\t\t\t\t\tMotto f\u00fcr Aktionstag 2026\t\t\t\t\t<\/a>\n\t\t\t\t<\/h2>\n\t\t\t\t\t\t\t\t\t\t\t\t\t\t\t\t\t\t\t\t\t\t\t\t\t\t\t\t\t\t\t\t\t\t\t\t\t\t\t\t\t\t<p>Das Motto \u201eBildung F\u00f6rdern, Familien st\u00e4rken\u201c unterstreicht anl\u00e4sslich des Internationalen Tags der Familie rund um den 15. Mai, dass Bildung&hellip;<\/p>\n\t\t\t\t\t\t\t\t\t\t\t\t\t\t\t\t\t\t\t\t\t\t                                                    <\/div><!-- .elementskit-post-body END -->\n                    <\/div>\n                \n            <\/div>\n                    <div class=\"col-lg-4 col-md-6\">\n\n                                    <div class=\"elementskit-post-image-card\">\n                        <div class=\"elementskit-entry-header\">\n                            \n                            \n\t\t\t\t\t\t\t\t\t\t\t\t\t<\/div><!-- .elementskit-entry-header END -->\n\n\t\t\t\t\t\t<div class=\"elementskit-post-body \">\n\t\t\t\t\t\t\t\n\t\t\t\t\t\t\t\t\t\t\t\t\t\t\t\t\t\t\t\t\t\t\t\t\t\t\t\t<div class=\"post-meta-list\">\n\t\t\t\t\t\t\t\t\t\t\t\t\t\t\t\t\t\t\t\t\t\t\t\t\t\t\t\t\t\t\t\t<span class=\"meta-date\">\n\t\t\t\t\t\t\t\t\t\t<i aria-hidden=\"true\" class=\"icon icon-calendar3\"><\/i>\t\t\t\t\t\t\t\t\t\t<span class=\"meta-date-text\">\n\t\t\t\t\t\t\t\t\t\t\t18. M\u00e4rz 2026\t\t\t\t\t\t\t\t\t\t<\/span>\n\t\t\t\t\t\t\t\t\t<\/span>\n\t\t\t\t\t\t\t\t\t\t\t\t\t\t\t\t\t\t\t\t\t\t\t\t\t\t\t\t\t\t\t\t\t\t\t\t\t<\/div>\n\t\t\t\t\t\t\t\t\t\t\t\t\t\n\t\t\t\t\t\t\t\t\n\t\t\t\t\t\t\t\t\t\t\t\t\t\t\t\t\t\t\t\t\t<h2 class=\"entry-title\">\n\t\t\t\t\t<a href=\"https:\/\/chemnitz-familie.de\/?p=2427\">\n\t\t\t\t\t\tKleine L\u00f6sungen &#8211; gro\u00dfe Wirkung\t\t\t\t\t<\/a>\n\t\t\t\t<\/h2>\n\t\t\t\t\t\t\t\t\t\t\t\t\t\t\t\t\t\t\t\t\t\t\t\t\t\t\t\t\t\t\t\t\t\t\t\t\t\t\t\t\t\t<p>Bei dem bundesweiten Unternehmenswettbewerb sind kleine und mittlere Firmen eingeladen, ihre praxiserprobten Vereinbarkeitsl\u00f6sungen einzureichen \u2013 einfach, unkompliziert und mit gro\u00dfer&hellip;<\/p>\n\t\t\t\t\t\t\t\t\t\t\t\t\t\t\t\t\t\t\t\t\t\t                                                    <\/div><!-- .elementskit-post-body END -->\n                    <\/div>\n                \n            <\/div>\n                    <div class=\"col-lg-4 col-md-6\">\n\n                                    <div class=\"elementskit-post-image-card\">\n                        <div class=\"elementskit-entry-header\">\n                            \n                            \n\t\t\t\t\t\t\t\t\t\t\t\t\t<\/div><!-- .elementskit-entry-header END -->\n\n\t\t\t\t\t\t<div class=\"elementskit-post-body \">\n\t\t\t\t\t\t\t\n\t\t\t\t\t\t\t\t\t\t\t\t\t\t\t\t\t\t\t\t\t\t\t\t\t\t\t\t<div class=\"post-meta-list\">\n\t\t\t\t\t\t\t\t\t\t\t\t\t\t\t\t\t\t\t\t\t\t\t\t\t\t\t\t\t\t\t\t<span class=\"meta-date\">\n\t\t\t\t\t\t\t\t\t\t<i aria-hidden=\"true\" class=\"icon icon-calendar3\"><\/i>\t\t\t\t\t\t\t\t\t\t<span class=\"meta-date-text\">\n\t\t\t\t\t\t\t\t\t\t\t5. Februar 2026\t\t\t\t\t\t\t\t\t\t<\/span>\n\t\t\t\t\t\t\t\t\t<\/span>\n\t\t\t\t\t\t\t\t\t\t\t\t\t\t\t\t\t\t\t\t\t\t\t\t\t\t\t\t\t\t\t\t\t\t\t\t\t<\/div>\n\t\t\t\t\t\t\t\t\t\t\t\t\t\n\t\t\t\t\t\t\t\t\n\t\t\t\t\t\t\t\t\t\t\t\t\t\t\t\t\t\t\t\t\t<h2 class=\"entry-title\">\n\t\t\t\t\t<a href=\"https:\/\/chemnitz-familie.de\/?p=2422\">\n\t\t\t\t\t\tKinderrechte-Ausstellung kommt nach Chemnitz\t\t\t\t\t<\/a>\n\t\t\t\t<\/h2>\n\t\t\t\t\t\t\t\t\t\t\t\t\t\t\t\t\t\t\t\t\t\t\t\t\t\t\t\t\t\t\t\t\t\t\t\t\t\t\t\t\t\t<p>Die Kinderrechte-Ausstellung des Bundesministeriums f\u00fcr Bildung, Familien, Senioren, Frauen und Jugend kommt nach Chemnitz. Vom 19. Februar bis 13. M\u00e4rz&hellip;<\/p>\n\t\t\t\t\t\t\t\t\t\t\t\t\t\t\t\t\t\t\t\t\t\t                                                    <\/div><!-- .elementskit-post-body END -->\n                    <\/div>\n                \n            <\/div>\n                <\/div>\n       <\/div>\t\t\t\t<\/div>\n\t\t\t\t\t<\/div>\n\t\t\t\t<\/div>\n\t\t\t\t<\/div>\n\t\t","protected":false},"excerpt":{"rendered":"<p>Lokale B\u00fcndnisse f\u00fcr Familie sind stark, vielseitig und in der Gesellschaft fest verankert. Vereinbarkeit von Familie und Beruf und erg\u00e4nzende Kinderbetreuung stehen im Fokus der 450 B\u00fcndnisse in Deutschland. Lokale B\u00fcndnisse f\u00fcr Familie sind Experten, wenn es darum geht, die Vereinbarkeit von Familie und Beruf voran zu bringen und die Angebote der Kinderbetreuung wirkungsvoll zu erg\u00e4nzen \u2013 das zeigen die Ergebnisse einer Online-Befragung der Lokalen B\u00fcndnisse. Im Rahmen der gemeinsamen Kampagne \u201eDie Familienexperten\u201c des Bundesministeriums f\u00fcr Familie, Senioren, Frauen und Jugend und der Lokalen B\u00fcndnisse f\u00fcr Familie hat die Servicestelle Informationen zu den Strukturen, Themen und Projekten der Lokalen B\u00fcndnisse erfragt und ausgewertet. Eine Pr\u00e4sentation der Kernergebnisse informiert \u00fcber die wichtigsten Zahlen, Daten und Fakten. 18. Juni 2025 Mit Medien f\u00fcr Kinder durch den Sommer KinderFilmWelt.de richtet sich direkt an Kinder und ist eine Offerte des Deutschen Kinder- und Jugendfilmzentrums. Das Onlineangebot sortiert Filme f\u00fcr&hellip; 13. Mai 2025 Guide f\u00fcr Familienzeit Der Alltag mit Kindern und Familie steckt voller pers\u00f6nlicher und beruflicher Herausforderungen. Damit mehr Zeit f\u00fcr Familie bleibt, hat die&hellip; 6. Mai 2025 Das neue Siegellogo 2025\/2026 Das Lokale B\u00fcndnis f\u00fcr Familie in Chemnitz (Lob\u00fc-C) konnte sein Siegellogo 2025\/26 aktualisieren. Das bedeutet, dass wir weiterhin gemeinsam Zukunftsthemen&hellip;<\/p>\n","protected":false},"author":3,"featured_media":0,"parent":0,"menu_order":0,"comment_status":"open","ping_status":"open","template":"","meta":{"footnotes":""},"class_list":["post-56","page","type-page","status-publish","hentry"],"acf":[],"_links":{"self":[{"href":"https:\/\/chemnitz-familie.de\/index.php?rest_route=\/wp\/v2\/pages\/56","targetHints":{"allow":["GET"]}}],"collection":[{"href":"https:\/\/chemnitz-familie.de\/index.php?rest_route=\/wp\/v2\/pages"}],"about":[{"href":"https:\/\/chemnitz-familie.de\/index.php?rest_route=\/wp\/v2\/types\/page"}],"author":[{"embeddable":true,"href":"https:\/\/chemnitz-familie.de\/index.php?rest_route=\/wp\/v2\/users\/3"}],"replies":[{"embeddable":true,"href":"https:\/\/chemnitz-familie.de\/index.php?rest_route=%2Fwp%2Fv2%2Fcomments&post=56"}],"version-history":[{"count":35,"href":"https:\/\/chemnitz-familie.de\/index.php?rest_route=\/wp\/v2\/pages\/56\/revisions"}],"predecessor-version":[{"id":2382,"href":"https:\/\/chemnitz-familie.de\/index.php?rest_route=\/wp\/v2\/pages\/56\/revisions\/2382"}],"wp:attachment":[{"href":"https:\/\/chemnitz-familie.de\/index.php?rest_route=%2Fwp%2Fv2%2Fmedia&parent=56"}],"curies":[{"name":"wp","href":"https:\/\/api.w.org\/{rel}","templated":true}]}}