{"id":323,"date":"2014-09-22T11:15:51","date_gmt":"2014-09-22T09:15:51","guid":{"rendered":"http:\/\/chemnitz-familie.de\/?page_id=323"},"modified":"2019-06-21T09:50:21","modified_gmt":"2019-06-21T07:50:21","slug":"produkte","status":"publish","type":"page","link":"https:\/\/chemnitz-familie.de\/?page_id=323","title":{"rendered":"Produkte"},"content":{"rendered":"<p><strong>1. Auszeichnung Familienfreundliches Unternehmen in Chemnitz 2015<\/strong><\/p>\n<p>Die Vereinbarkeit von Familie und Beruf ist f\u00fcr die B\u00fcrger und B\u00fcrgerinnen in Chemnitz von gro\u00dfer Bedeutung f\u00fcr die Lebensqualit\u00e4t in der Stadt. T\u00e4glich stellt die Vereinbarkeit von Familie und Beruf Eltern, Gro\u00dfeltern, Kinder, Arbeitgeber und Institutionen vor Herausforderungen. Zahlreiche Dienst- und Beratungsleistungen in Chemnitz bef\u00f6rdern und gestalten die Balance zwischen den Anforderungen der Familien- und Arbeitswelt. Arbeitgeber tragen mit vielseitigen familienfreundlichen Ma\u00dfnahmen im Unternehmen ihren Teil dazu bei.<br \/>\nGesellschaftliche Rahmenbedingungen und betriebswirtschaftliche Anforderungen treffen dabei im Unternehmen aufeinander und m\u00fcssen organisiert und abgestimmt werden. Verschiedene Wettbewerbe und G\u00fctesiegel auf Bundes- und Landesebene w\u00fcrdigen die Familienfreundlichkeit der Unternehmen. Die Wahrnehmung solcher Auszeichnungen vor Ort ist jedoch eher verhalten bzw. ist die H\u00fcrde zur Beteiligung f\u00fcr kleine Unternehmen sehr hoch. Um die Aktivit\u00e4ten der Wirtschaft in Chemnitz st\u00e4rker in den Fokus zu r\u00fccken, vergab das LoB\u00fc-C im Jahr 2014 das erste Mal die Auszeichnung Familienfreundliches Unternehmen in Chemnitz 2014. Die Initiatoren kn\u00fcpften dabei bewusst an den Wachstumspreis der ehemaligen Wirtschaftsregion Chemnitz-Zwickau an. Die Vergabe erfolgte w\u00e4hrend des Stadtfestes Ende August 2014.<\/p>\n<p>Chemnitzer Unternehmen, Vereine oder Verwaltungen k\u00f6nnen Sie bis zum 31. Juli 2015 <a href=\"http:\/\/chemnitz-familie.de\/?page_id=59\">hier<\/a> vorschlagen.<\/p>\n<p><strong>2. Sozialatlas Chemnitz<\/strong><\/p>\n<p>Als zentrales Instrument f\u00fcr die Verk\u00fcrzung von Suchwegen steht Ihnen mit dem Sozialatlas Chemnitz unter www.sozialatlas-chemnitz.de eine webbasierte Informationsplattform zur Verf\u00fcgung, auf der Sie sich einen umfassenden \u00dcberblick \u00fcber die Angebote in den Bereichen Soziales, Kultur, Sport und Freizeit verschaffen k\u00f6nnen. Das im Bundesprogramm \u201eNetzwerke wirksamer Hilfen\u201c gef\u00f6rderte Vorhaben hat insbesondere die bessere Integration von Alleinerziehenden im Blick, kann aber nat\u00fcrlich auch von anderen B\u00fcrgern genutzt werden.<\/p>\n<p><a href=\"http:\/\/www.sozialatlas-chemnitz.de\/\" target=\"_blank\">Hier geht es zum Sozialatlas<\/a><\/p>\n<p><strong><br \/>\n3. Informationen zur Familienfreundlichkeit in Chemnitz<\/strong><\/p>\n<p><strong><span style=\"text-decoration: underline;\">Bericht zur Familienfreundlichkeit in der Stadt Chemnitz<\/span><\/strong><br \/>\nFolgende Dokumente der Kommune geben Auskunft \u00fcber deren Familienfreundlichkeit:<br \/>\n&#8211; <a href=\"https:\/\/www.chemnitz.de\/chemnitz\/de\/leben-in-chemnitz\/familie\/jugend\/jugendhilfeplanung\/index.html\" target=\"_blank\">Jugendhilfeplanung 2016-2020<\/a> (Link)<br \/>\n&#8211; <a href=\"https:\/\/chemnitz-familie.de\/wp-content\/uploads\/2019\/01\/Bedarfsplan_Kita_2016_2018.pdf\" target=\"_blank\">Bedarfsplanung Kita 2016-2018<\/a> (PDF)<br \/>\n&#8211; <a href=\"https:\/\/www.chemnitz.de\/chemnitz\/de\/leben-in-chemnitz\/pflege\/index.html\" target=\"_blank\">Pflegebedarfsplanung 2018-2021<\/a> (Link)<br \/>\n&#8211; <a href=\"http:\/\/vis.stadt-chemnitz.de\/eap\/leistungen\/de\/leistungen-thema.itl?fa=facet_thema%3Akinder%252C%2Bjugend%2Bund%2Bfamilie\" target=\"_blank\">Dienstleistungsportal: Thema Kinder, Jugend und Familie<\/a> (Link)<br \/>\n&#8211; <a href=\"http:\/\/vis.stadt-chemnitz.de\/eap\/leistungen\/de\/leistung.itl?lang=de&amp;id=18f13471-3d1b-45b2-a402-9af01cedbc37\" target=\"_blank\">Dienstleistungsprotal: Thema Altersbedingte Schwierigkeiten<\/a> (Link)<br \/>\n&#8211; <a href=\"https:\/\/www.chemnitz.de\/chemnitz\/de\/aktuell\/publikationen\/berichte\/sozialbericht_2016_17.itl\" target=\"_blank\">Sozialbericht 2016\/17 des Sozialamtes, des Amtes f\u00fcr Jugend und Familie und des Gesundheitsamts<\/a> (Link)<br \/>\n&#8211; <a href=\"https:\/\/www.chemnitz.de\/chemnitz\/de\/aktuell\/publikationen\/berichte\/04334.itl\" target=\"_blank\">Quartalsstatistik Stadt Chemnitz II \/ 2018<\/a> (Link)<br \/>\n&#8211; <a href=\"https:\/\/chemnitz-familie.de\/wp-content\/uploads\/2019\/06\/broschuere_chemnitz_macht_jung.pdf\" target=\"_blank\">Wegweiser f\u00fcr junge Menschen und ihre Familien (Stand 2019)<\/a> (PDF)<\/p>\n<p><strong><span style=\"text-decoration: underline;\">Chemnitzer Kinder- und Familienzentren<\/span><\/strong><br \/>\nHier finden Sie die Chemnitzer Kinder- und Familienzentren (KiFaZ):<\/p>\n<p><em>Stadtteil Hilbersdorf<\/em><br \/>\nKiFaZ Hilbersdorfer Stra\u00dfe &gt; <a title=\"www.chemnitz.de\" href=\"http:\/\/www.chemnitz.de\" target=\"_blank\">www.chemnitz.de<\/a><\/p>\n<p><em>Stadtteil Sonnenberg<\/em><br \/>\nKiFaZ Tschaikowskistra\u00dfe &gt; <a title=\"www.chemnitz.de\" href=\"http:\/\/www.chemnitz.de\" target=\"_blank\">www.chemnitz.de<\/a><br \/>\nKiFaZ Rappel Zappel &gt; <a title=\"www.awo-chemnitz.de\" href=\"http:\/\/www.awo-chemnitz.de\" target=\"_blank\">www.awo-chemnitz.de<\/a><\/p>\n<p><em>Stadtteil Markersdorf<\/em><br \/>\nKiFaZ Robert-Siewert-Stra\u00dfe &gt; <a title=\"www.chemnitz.de\" href=\"http:\/\/www.chemnitz.de\" target=\"_blank\">www.chemnitz.de<\/a><\/p>\n<p><em>Stadtteil Kappel<\/em><br \/>\nKiFaZ Gl\u00fccksk\u00e4fer &gt; <a title=\"www.kifaz-chemnitz.de\" href=\"http:\/\/www.kifaz-chemnitz.de\" target=\"_blank\">www.kifaz-chemnitz.de<\/a><br \/>\nKiFaZ Kappelino &gt; <a title=\"www.solaris-fzu.de\" href=\"http:\/\/www.solaris-fzu.de\" target=\"_blank\">www.solaris-fzu.de<\/a><\/p>\n<p>&gt; <a href=\"http:\/\/fzu.solaris-chemnitz.de\/fileadmin\/user_upload\/Kita\/Chemnitzer_Kinder-und_Familienzentren.pdf\" target=\"_blank\">Chemnitzer Kinder- und Familienzentren<\/a>, Quelle: Amtsblatt Chemnitz 24.08.2016<\/p>\n<p>Hintergrund:<br \/>\nNach Aufl\u00f6sung des Hauses der Familie am Standort Parkstra\u00dfe in Chemnitz ist das kommunal gef\u00f6rderte Modellprojekt \u201eKinder- und Familienzentren\u201c gestartet.<br \/>\nDazu begeben sich in der Stadt Chemnitz drei kommunale sowie seit Mitte des Jahres 2015 auch drei Kindertageseinrichtungen in freier Tr\u00e4gerschaft auf den Weg der Weiterentwicklung der jeweiligen Einrichtung als Kinder- und Familienzentrum. Neben der konzeptionellen Fortschreibung und Schaffung neuer bedarfsgerechter Angebote wird es auch um die \u00d6ffnung f\u00fcr die Belange von Kindern und Familien \u00fcber die Kindertageseinrichtungen hinaus gehen.<\/p>\n<p><span style=\"text-decoration: underline;\">Demenzberatung im Sozialamt der Stadt Chemnitz<\/span><br \/>\nAnnaberger Str. 93, 09120 Chemnitz, Erdgescho\u00df, Zimmer 13<br \/>\njeden Donnerstag von 14.00 bis 18.00 Uhr<br \/>\nTel. 0371 \u2013 488 5555.<\/p>\n","protected":false},"excerpt":{"rendered":"<p>1. Auszeichnung Familienfreundliches Unternehmen in Chemnitz 2015 Die Vereinbarkeit von Familie und Beruf ist f\u00fcr die B\u00fcrger und B\u00fcrgerinnen in Chemnitz von gro\u00dfer Bedeutung f\u00fcr die Lebensqualit\u00e4t in der Stadt. T\u00e4glich stellt die Vereinbarkeit von Familie und Beruf Eltern, Gro\u00dfeltern, Kinder, Arbeitgeber und Institutionen vor Herausforderungen. Zahlreiche Dienst- und Beratungsleistungen in Chemnitz bef\u00f6rdern und gestalten die Balance zwischen den Anforderungen der Familien- und Arbeitswelt. Arbeitgeber tragen mit vielseitigen familienfreundlichen Ma\u00dfnahmen im Unternehmen ihren Teil dazu bei. Gesellschaftliche Rahmenbedingungen und betriebswirtschaftliche Anforderungen treffen dabei im Unternehmen aufeinander und m\u00fcssen organisiert und abgestimmt werden. Verschiedene Wettbewerbe und G\u00fctesiegel auf Bundes- und Landesebene w\u00fcrdigen die Familienfreundlichkeit der Unternehmen. Die Wahrnehmung solcher Auszeichnungen vor Ort ist jedoch eher verhalten bzw. ist die H\u00fcrde zur Beteiligung f\u00fcr kleine Unternehmen sehr hoch. Um die Aktivit\u00e4ten der Wirtschaft in Chemnitz st\u00e4rker in den Fokus zu r\u00fccken, vergab das LoB\u00fc-C im Jahr 2014 das erste Mal die Auszeichnung Familienfreundliches Unternehmen in Chemnitz 2014. Die Initiatoren kn\u00fcpften dabei bewusst an den Wachstumspreis der ehemaligen Wirtschaftsregion Chemnitz-Zwickau an. Die Vergabe erfolgte w\u00e4hrend des Stadtfestes Ende August 2014. Chemnitzer Unternehmen, Vereine oder Verwaltungen k\u00f6nnen Sie bis zum 31. Juli 2015 hier vorschlagen. 2. Sozialatlas Chemnitz Als zentrales Instrument f\u00fcr die Verk\u00fcrzung von Suchwegen steht Ihnen mit dem Sozialatlas Chemnitz unter www.sozialatlas-chemnitz.de eine webbasierte Informationsplattform zur Verf\u00fcgung, auf der Sie sich einen umfassenden \u00dcberblick \u00fcber die Angebote in den Bereichen Soziales, Kultur, Sport und Freizeit verschaffen k\u00f6nnen. Das im Bundesprogramm \u201eNetzwerke wirksamer Hilfen\u201c gef\u00f6rderte Vorhaben hat insbesondere die bessere Integration von Alleinerziehenden im Blick, kann aber nat\u00fcrlich auch von anderen B\u00fcrgern genutzt werden. Hier geht es zum Sozialatlas 3. Informationen zur Familienfreundlichkeit in Chemnitz Bericht zur Familienfreundlichkeit in der Stadt Chemnitz Folgende Dokumente der Kommune geben Auskunft \u00fcber deren Familienfreundlichkeit: &#8211; Jugendhilfeplanung 2016-2020 (Link) &#8211; Bedarfsplanung Kita 2016-2018 (PDF) &#8211; Pflegebedarfsplanung 2018-2021 (Link) &#8211; Dienstleistungsportal: Thema Kinder, Jugend und Familie (Link) &#8211; Dienstleistungsprotal: Thema Altersbedingte Schwierigkeiten (Link) &#8211; Sozialbericht 2016\/17 des Sozialamtes, des Amtes f\u00fcr Jugend und Familie und des Gesundheitsamts (Link) &#8211; Quartalsstatistik Stadt Chemnitz II \/ 2018 (Link) &#8211; Wegweiser f\u00fcr junge Menschen und ihre Familien (Stand 2019) (PDF) Chemnitzer Kinder- und Familienzentren Hier finden Sie die Chemnitzer Kinder- und Familienzentren (KiFaZ): Stadtteil Hilbersdorf KiFaZ Hilbersdorfer Stra\u00dfe &gt; www.chemnitz.de Stadtteil Sonnenberg KiFaZ Tschaikowskistra\u00dfe &gt; www.chemnitz.de KiFaZ Rappel Zappel &gt; www.awo-chemnitz.de Stadtteil Markersdorf KiFaZ Robert-Siewert-Stra\u00dfe &gt; www.chemnitz.de Stadtteil Kappel KiFaZ Gl\u00fccksk\u00e4fer &gt; www.kifaz-chemnitz.de KiFaZ Kappelino &gt; www.solaris-fzu.de &gt; Chemnitzer Kinder- und Familienzentren, Quelle: Amtsblatt Chemnitz 24.08.2016 Hintergrund: Nach Aufl\u00f6sung des Hauses der Familie am Standort Parkstra\u00dfe in Chemnitz ist das kommunal gef\u00f6rderte Modellprojekt \u201eKinder- und Familienzentren\u201c gestartet. Dazu begeben sich in der Stadt Chemnitz drei kommunale sowie seit Mitte des Jahres 2015 auch drei Kindertageseinrichtungen in freier Tr\u00e4gerschaft auf den Weg der Weiterentwicklung der jeweiligen Einrichtung als Kinder- und Familienzentrum. Neben der konzeptionellen Fortschreibung und Schaffung neuer bedarfsgerechter Angebote wird es auch um die \u00d6ffnung f\u00fcr die Belange von Kindern und Familien \u00fcber die Kindertageseinrichtungen hinaus gehen. Demenzberatung im Sozialamt der Stadt Chemnitz Annaberger Str. 93, 09120 Chemnitz, Erdgescho\u00df, Zimmer 13 jeden Donnerstag von 14.00 bis 18.00 Uhr Tel. 0371 \u2013 488 5555.<\/p>\n","protected":false},"author":2,"featured_media":0,"parent":0,"menu_order":0,"comment_status":"open","ping_status":"open","template":"template-fullwidth.php","meta":{"footnotes":""},"class_list":["post-323","page","type-page","status-publish","hentry"],"acf":[],"_links":{"self":[{"href":"https:\/\/chemnitz-familie.de\/index.php?rest_route=\/wp\/v2\/pages\/323","targetHints":{"allow":["GET"]}}],"collection":[{"href":"https:\/\/chemnitz-familie.de\/index.php?rest_route=\/wp\/v2\/pages"}],"about":[{"href":"https:\/\/chemnitz-familie.de\/index.php?rest_route=\/wp\/v2\/types\/page"}],"author":[{"embeddable":true,"href":"https:\/\/chemnitz-familie.de\/index.php?rest_route=\/wp\/v2\/users\/2"}],"replies":[{"embeddable":true,"href":"https:\/\/chemnitz-familie.de\/index.php?rest_route=%2Fwp%2Fv2%2Fcomments&post=323"}],"version-history":[{"count":27,"href":"https:\/\/chemnitz-familie.de\/index.php?rest_route=\/wp\/v2\/pages\/323\/revisions"}],"predecessor-version":[{"id":1010,"href":"https:\/\/chemnitz-familie.de\/index.php?rest_route=\/wp\/v2\/pages\/323\/revisions\/1010"}],"wp:attachment":[{"href":"https:\/\/chemnitz-familie.de\/index.php?rest_route=%2Fwp%2Fv2%2Fmedia&parent=323"}],"curies":[{"name":"wp","href":"https:\/\/api.w.org\/{rel}","templated":true}]}}